337, 45053
List the prime factors of 1656947573.
19, 87207767
List the prime factors of 1979058199.
22567, 87697
What are the prime factors of 2340589722?
2, 3, 79, 4937953
What are the prime factors of 1337330793?
3, 31, 277, 51913
List the prime factors of 314128558.
2, 19, 241, 34301
List the prime factors of 5820078113.
271, 21476303
List the prime factors of 313435132.
2, 29, 881, 3067
List the prime factors of 55078075.
5, 13, 169471
What are the prime factors of 386394660?
2, 3, 5, 41, 1277
What are the prime factors of 4567773499?
29, 157509431
List the prime factors of 1084824930.
2, 3, 5, 7, 5165833
List the prime factors of 1747979.
1747979
What are the prime factors of 1501852629?
3, 31, 1931, 8363
What are the prime factors of 59405841?
3, 11, 547, 1097
What are the prime factors of 393422413?
601, 654613
List the prime factors of 3248489152.
2, 50757643
What are the prime factors of 270437401?
13, 2621, 7937
List the prime factors of 153287533.
7, 29, 107873
List the prime factors of 95861125.
5, 23, 33343
List the prime factors of 1827164546.
2, 29, 2341, 13457
List the prime factors of 125571472.
2, 13, 569, 1061
List the prime factors of 824927236.
2, 7, 31, 269, 3533
List the prime factors of 7515403261.
7515403261
What are the prime factors of 148217481?
3, 197, 83597
List the prime factors of 20248653.
3, 97, 149, 467
What are the prime factors of 60166449?
3, 7, 449, 709
What are the prime factors of 141137963?
141137963
List the prime factors of 58239478.
2, 11, 240659
What are the prime factors of 59653901?
17, 19, 184687
What are the prime factors of 18503799?
3, 23, 268171
List the prime factors of 1363169926.
2, 1093, 623591
What are the prime factors of 986548152?
2, 3, 41106173
List the prime factors of 133701257.
59, 241, 9403
What are the prime factors of 24670651?
23, 1072637
List the prime factors of 4801912.
2, 600239
What are the prime factors of 41019951?
3, 7, 1953331
List the prime factors of 40568498.
2, 20284249
What are the prime factors of 179054228?
2, 107, 418351
What are the prime factors of 64424848?
2, 557, 7229
List the prime factors of 49239951.
3, 16413317
List the prime factors of 182825149.
13, 1931, 7283
What are the prime factors of 204291841?
13, 15714757
What are the prime factors of 1184457128?
2, 23, 1259, 5113
List the prime factors of 92855793.
3, 19, 59, 27611
List the prime factors of 301740941.
301740941
What are the prime factors of 3651026795?
5, 13, 19, 2956297
List the prime factors of 774754770.
2, 3, 5, 17, 23, 257
What are the prime factors of 21154761?
3, 2350529
What are the prime factors of 346440953?
37, 523, 17903
What are the prime factors of 3206501?
29, 110569
What are the prime factors of 6955734802?
2, 31, 601, 186671
List the prime factors of 5305138021.
5305138021
List the prime factors of 2955073032.
2, 3, 41, 1001041
What are the prime factors of 61529767?
13, 53, 89303
List the prime factors of 914130440.
2, 5, 22853261
List the prime factors of 19999567.
7, 67, 42643
What are the prime factors of 7866109026?
2, 3, 1049, 416593
List the prime factors of 1912003283.
1912003283
List the prime factors of 14921931.
3, 1237, 4021
List the prime factors of 1161295182.
2, 3, 107, 229, 2633
List the prime factors of 322097161.
31, 10390231
What are the prime factors of 263808565?
5, 173, 304981
What are the prime factors of 427895331?
3, 359, 397303
What are the prime factors of 118554246?
2, 3, 59, 127, 293
List the prime factors of 735467637.
3, 19, 29, 444929
What are the prime factors of 903893040?
2, 3, 5, 31, 13499
What are the prime factors of 259065987?
3, 86355329
What are the prime factors of 105210040?
2, 5, 13, 202327
List the prime factors of 1675394342.
2, 53, 83, 3593
List the prime factors of 846520557.
3, 282173519
What are the prime factors of 2489409918?
2, 3, 523, 264437
What are the prime factors of 166768945?
5, 7, 317, 15031
What are the prime factors of 186682918?
2, 29, 563, 5717
What are the prime factors of 10919735?
5, 41, 53267
What are the prime factors of 111248000?
2, 5, 17, 409
List the prime factors of 458522051.
13, 181, 194867
List the prime factors of 445004497.
7, 63572071
List the prime factors of 351764254.
2, 23, 31, 37, 59, 113
List the prime factors of 237928432.
2, 7, 2124361
List the prime factors of 8983209512.
2, 31, 179, 202361
What are the prime factors of 813925115?
5, 211, 593, 1301
What are the prime factors of 183094180?
2, 5, 149, 61441
What are the prime factors of 7831669436?
2, 1051, 1862909
What are the prime factors of 3218458551?
3, 7, 11, 1266611
What are the prime factors of 2917783083?
3, 17, 53, 1079461
What are the prime factors of 8281592?
2, 11, 94109
What are the prime factors of 1221621018?
2, 3, 203603503
List the prime factors of 5216498968.
2, 652062371
List the prime factors of 3733515953.
139, 26859827
List the prime factors of 765773334.
2, 3, 42542963
List the prime factors of 592587896.
2, 74073487
What are the prime factors of 26436648?
2, 3, 7, 37, 4253
List the prime factors of 760787072.
2, 827, 7187
List the prime factors of 221480030.
2, 5, 257, 86179
List the prime factors of 478782051.
3, 11, 41, 353867
List the prime factors of 3466092801.
3, 23, 50233229
List the prime factors of 74428783.
11, 13, 40037
List the prime factors of 2738849782.
2, 1369424891
What are the prime factors of 1845261842?
2, 922630921
What are the prime factors of 27725694?
2, 3, 1217, 3797
List the prime factors of 837661121.
11, 139, 547849
List the prime factors of 852034533.
3, 7, 241, 168353
What are the prime factors of 410941129?
37, 139, 79903
What are the prime factors of 886934301?
3, 11, 137, 196181
What are the prime factors of 48309315?
3, 5, 23, 31, 4517
List the prime factors of 222284291.
31, 47, 152563
What are the prime factors of 446585598?
2, 3, 71, 223, 1567
What are the prime factors of 258598928?
2, 7, 2308919
What are the prime factors of 1549944637?
149, 10402313
List the prime factors of 340244671.
13, 26172667
List the prime factors of 142132208.
2, 8883263
What are the prime factors of 657457229?
11, 13, 43, 106921
What are the prime factors of 91088921?
7, 11, 41, 43, 61
What are the prime factors of 138600297?
3, 11, 137, 929
What are the prime factors of 429054028?
2, 13, 8251039
What are the prime factors of 102166014?
2, 3, 29, 41, 14321
What are the prime factors of 251677634?
2, 13, 9679909
List the prime factors of 277282941.
3, 13, 19, 31, 12071
List the prime factors of 184294567.
47, 3921161
What are the prime factors of 96223851?
3, 10691539
What are the prime factors of 7932409?
677, 11717
List the prime factors of 8085788855.
5, 1617157771
What are the prime factors of 99915129?
3, 19, 617, 947
List the prime factors of 7384520546.
2, 13, 284020021
What are the prime factors of 220090447?
220090447
What are the prime factors of 31749590?
2, 5, 3174959
List the prime factors of 1037695398.
2, 3, 172949233
List the prime factors of 191827535.
5, 31, 983, 1259
List the prime factors of 2492519344.
2, 7, 193, 115309
What are the prime factors of 158135586?
2, 3, 7, 727, 5179
What are the prime factors of 7740310100?
2, 5, 77403101
What are the prime factors of 3178783?
3178783
What are the prime factors of 67395740?
2, 5, 3369787
List the prime factors of 58263725.
5, 13, 31, 5783
List the prime factors of 134918294.
2, 7, 47, 205043
List the prime factors of 523369188.
2, 3, 1615337
List the prime factors of 215938743.
3, 17, 19, 23, 9689
What are the prime factors of 4004833010?
2, 5, 29, 37, 251, 1487
What are the prime factors of 485021343?
3, 131, 9421
What are the prime factors of 1577746954?
2, 7, 67, 181, 9293
What are the prime factors of 5609581705?
5, 7, 13, 73, 168887
List the prime factors of 16186453.
3853, 4201
What are the prime factors of 1418609518?
2, 137, 277, 18691
What are the prime factors of 206671647?
3, 7, 13, 757039
What are the prime factors of 2209537292?
2, 552384323
What are the prime factors of 75504246?
2, 3, 709, 17749
What are the prime factors of 35519276?
2, 13, 101, 6763
What are the prime factors of 579133341?
3, 2383, 9001
List the prime factors of 990196484.
2, 17, 67, 217339
What are the prime factors of 4812086?
2, 29, 163, 5